{"id":47,"date":"2013-04-24T07:18:45","date_gmt":"2013-04-24T07:18:45","guid":{"rendered":"http:\/\/ssskskola.edu.ba\/?page_id=20"},"modified":"2026-03-17T08:31:18","modified_gmt":"2026-03-17T07:31:18","slug":"historijat-skole","status":"publish","type":"page","link":"https:\/\/ssskskola.edu.ba\/?page_id=47","title":{"rendered":"HISTORIJAT \u0160KOLE"},"content":{"rendered":"<div>\n<p>Ministarstvo lokalnog saobra\u0107aja NR Bosne i Hercegovine osnovalo je \u0161kolske 1947\/48. DR\u017dAVNU AUTOMEHANI\u010cARSKU \u0160KOLU.<\/p>\n<p>Sve do 1953\/1954. DR\u017dAVNA AUTOMEHANI\u010cARSKA \u0160KOLA je bila samostalna. Te godine je pripojena kao AUTOODSJEK \u0161koli \u017dI\u0160-a.<\/p>\n<p>Godine 1956. Sreski Narodni odbor grada Sarajeva kupuje zemlji\u0161ta i barake u Vele\u0161i\u0107ima za budu\u0107u AUTOMEHANI\u010cARSKU \u0160KOLU.<\/p>\n<p>Godine 1960. sagra\u0111ena je hala za prakti\u010dnu nastavu i od tada AUTOMEHANI\u010cARSKA \u0160KOLA sa prakti\u010dnom obukom seli se u Vele\u0161i\u0107e i tu nastavlja rad.<\/p>\n<p>Godine 1962. Sreski Narodni odbor zapo\u010dinje gradnju zgrade za potrebe \u0161kole<\/p>\n<p>Godine 1967. zgrada je dovr\u0161ena i \u0161kola upisuje 16 odjeljenja sa 632 u\u010denika. \u0160kolske radionice i kabineti opremljeni su najsavremenijom opremom i formirano je jezgro stru\u010dnih nastavnika, osposobljene su radionice za obavljanje servisnih usluga za motorna vozila u drumskom saobra\u0107aju i tehni\u010dki pregled za motorna vozila i priklju\u010dna vozila.<\/p>\n<p>Pri Elektroma\u0161inskom \u0161kolskom centru 60-tih godina osniva se odsjek za saobra\u0107ajne tehni\u010dare koji \u0107e \u0161kolske 1968\/1969. godine biti priklju\u010deni SAOBRA\u0106AJNOM \u0160KOLSKOM CENTRU u Sarajevu (Vele\u0161i\u0107i). Godine 1978\/1979. osnovan je SAOBRA\u0106AJNI \u0160KOLSKI CENTAR, a OOUR SAOBRA\u0106AJNA \u0160KOLA nastaje spajanjem \u0160KOLE ZA RADNI\u010cKA ZANIMANJA i SAOBRA\u0106AJNE TEHNI\u010cKE \u0160KOLE.<\/p>\n<p>Godine 1994\/95. \u0161kola dobija naziv MJE\u0160OVITA SREDNJA SAOBRA\u0106AJNA \u0160KOLA.<\/p>\n<p>2009. godine \u0161kola mijenja naziv u JU SREDNJA \u0160KOLA ZA SAOBRA\u0106AJ I KOMUNIKACIJE.<\/p>\n<\/div>\n<footer><\/footer>\n<div id=\"comments\"><\/div>\n","protected":false},"excerpt":{"rendered":"<p>Ministarstvo lokalnog saobra\u0107aja NR Bosne i Hercegovine osnovalo je \u0161kolske 1947\/48. DR\u017dAVNU AUTOMEHANI\u010cARSKU \u0160KOLU. Sve do 1953\/1954. DR\u017dAVNA AUTOMEHANI\u010cARSKA \u0160KOLA je bila samostalna. Te godine je pripojena kao AUTOODSJEK \u0161koli \u017dI\u0160-a. Godine 1956. Sreski&#46;&#46;&#46;<\/p>\n","protected":false},"author":1,"featured_media":4653,"parent":0,"menu_order":1,"comment_status":"closed","ping_status":"closed","template":"","meta":{"footnotes":""},"class_list":["post-47","page","type-page","status-publish","has-post-thumbnail","hentry"],"jetpack_sharing_enabled":true,"_links":{"self":[{"href":"https:\/\/ssskskola.edu.ba\/index.php?rest_route=\/wp\/v2\/pages\/47","targetHints":{"allow":["GET"]}}],"collection":[{"href":"https:\/\/ssskskola.edu.ba\/index.php?rest_route=\/wp\/v2\/pages"}],"about":[{"href":"https:\/\/ssskskola.edu.ba\/index.php?rest_route=\/wp\/v2\/types\/page"}],"author":[{"embeddable":true,"href":"https:\/\/ssskskola.edu.ba\/index.php?rest_route=\/wp\/v2\/users\/1"}],"replies":[{"embeddable":true,"href":"https:\/\/ssskskola.edu.ba\/index.php?rest_route=%2Fwp%2Fv2%2Fcomments&post=47"}],"version-history":[{"count":2,"href":"https:\/\/ssskskola.edu.ba\/index.php?rest_route=\/wp\/v2\/pages\/47\/revisions"}],"predecessor-version":[{"id":11460,"href":"https:\/\/ssskskola.edu.ba\/index.php?rest_route=\/wp\/v2\/pages\/47\/revisions\/11460"}],"wp:featuredmedia":[{"embeddable":true,"href":"https:\/\/ssskskola.edu.ba\/index.php?rest_route=\/wp\/v2\/media\/4653"}],"wp:attachment":[{"href":"https:\/\/ssskskola.edu.ba\/index.php?rest_route=%2Fwp%2Fv2%2Fmedia&parent=47"}],"curies":[{"name":"wp","href":"https:\/\/api.w.org\/{rel}","templated":true}]}}